er when 8212 is divided by 683.
16
What is the remainder when 220023 is divided by 144?
135
Calculate the remainder when 3634 is divided by 676.
254
Calculate the remainder when 2497350 is divided by 296.
294
What is the remainder when 2152 is divided by 361?
347
What is the remainder when 4147 is divided by 1994?
159
Calculate the remainder when 388363 is divided by 51.
49
What is the remainder when 11005 is divided by 1210?
115
Calculate the remainder when 51021 is divided by 64.
13
What is the remainder when 2924 is divided by 693?
152
What is the remainder when 110 is divided by 11?
0
What is the remainder when 1982 is divided by 1703?
279
Calculate the remainder when 939376 is divided by 78281.
4
Calculate the remainder when 25061 is divided by 4143.
203
What is the remainder when 808525 is divided by 808511?
14
What is the remainder when 9377 is divided by 313?
300
What is the remainder when 22382 is divided by 22378?
4
What is the remainder when 42518 is divided by 42440?
78
What is the remainder when 3593 is divided by 532?
401
What is the remainder when 12579 is divided by 3128?
67
What is the remainder when 19889 is divided by 100?
89
What is the remainder when 1486 is divided by 214?
202
Calculate the remainder when 59070 is divided by 297.
264
Calculate the remainder when 1202 is divided by 105.
47
What is the remainder when 51857 is divided by 467?
20
What is the remainder when 249 is divided by 70?
39
Calculate the remainder when 96494 is divided by 34.
2
What is the remainder when 13426 is divided by 54?
34
Calculate the remainder when 6343 is divided by 148.
127
What is the remainder when 454 is divided by 198?
58
Calculate the remainder when 319080 is divided by 65.
60
Calculate the remainder when 65927 is divided by 95.
92
Calculate the remainder when 2766874 is divided by 28.
26
What is the remainder when 196638 is divided by 27?
24
Calculate the remainder when 203884 is divided by 47.
45
What is the remainder when 41675 is divided by 1109?
642
What is the remainder when 2405 is divided by 2384?
21
Calculate the remainder when 778079 is divided by 160.
159
What is the remainder when 3232 is divided by 57?
40
What is the remainder when 10706 is divided by 2674?
10
Calculate the remainder when 2668 is divided by 1096.
476
What is the remainder when 15551 is divided by 1023?
206
What is the remainder when 17507 is divided by 108?
11
Calculate the remainder when 3581 is divided by 1752.
77
Calculate the remainder when 8229 is divided by 14.
11
Calculate the remainder when 215448 is divided by 101.
15
Calculate the remainder when 9646 is divided by 3114.
304
What is the remainder when 79754 is divided by 201?
158
Calculate the remainder when 18800 is divided by 186.
14
Calculate the remainder when 1202961 is divided by 300739.
5
Calculate the remainder when 59041 is divided by 663.
34
Calculate the remainder when 552635 is divided by 714.
713
Calculate the remainder when 147 is divided by 59.
29
Calculate the remainder when 47021 is divided by 99.
95
What is the remainder when 14723 is divided by 433?
1
Calculate the remainder when 4008 is divided by 236.
232
Calculate the remainder when 84649 is divided by 12084.
61
What is the remainder when 13693 is divided by 624?
589
What is the remainder when 209867 is divided by 255?
2
What is the remainder when 8972 is divided by 729?
224
Calculate the remainder when 10913 is divided by 10904.
9
What is the remainder when 187168 is divided by 33?
25
What is the remainder when 1562 is divided by 506?
44
What is the remainder when 300352 is divided by 56?
24
Calculate the remainder when 548 is divided by 52.
28
Calculate the remainder when 1099 is divided by 346.
61
What is the remainder when 1358955 is divided by 282?
279
Calculate the remainder when 17525 is divided by 3.
2
Calculate the remainder when 859 is divided by 111.
82
What is the remainder when 5971 is divided by 270?
31
Calculate the remainder when 58737 is divided by 58695.
42
What is the remainder when 446 is divided by 1?
0
What is the remainder when 2943750 is divided by 1489?
1486
What is the remainder when 647892 is divided by 80984?
20
Calculate the remainder when 30344 is divided by 15164.
16
Calculate the remainder when 372912 is divided by 401.
383
What is the remainder when 2141830 is divided by 154?
152
Calculate the remainder when 6696 is divided by 3347.
2
Calculate the remainder when 107165 is divided by 788.
785
Calculate the remainder when 247213 is divided by 10.
3
What is the remainder when 2347 is divided by 405?
322
What is the remainder when 23443 is divided by 21?
7
What is the remainder when 711206 is divided by 88899?
14
What is the remainder when 4070 is divided by 40?
30
Calculate the remainder when 79037 is divided by 166.
21
Calculate the remainder when 4004 is divided by 536.
252
What is the remainder when 134015 is divided by 6?
5
What is the remainder when 37268 is divided by 37263?
5
What is the remainder when 5505874 is divided by 811?
806
What is the remainder when 1661 is divided by 12?
5
What is the remainder when 1554 is divided by 84?
42
What is the remainder when 7057 is divided by 13?
11
What is the remainder when 2811 is divided by 904?
99
Calculate the remainder when 2358 is divided by 766.
60
What is the remainder when 19923 is divided by 224?
211
What is the remainder when 31270 is divided by 745?
725
What is the remainder when 13895 is divided by 1736?
7
Calculate the remainder when 26330 is divided by 393.
392
What is the remainder when 45056 is divided by 21?
11
Calculate the remainder when 71074 is divided by 33.
25
Calculate the remainder when 1287 is divided by 163.
146
Calculate the remainder when 8326 is divided by 84.
10
Calculate the remainder when 1588 is divided by 493.
109
What is the remainder when 30372 is divided by 37?
32
What is the remainder when 590771 is divided by 19?
4
What is the remainder when 53126 is divided by 322?
318
Calculate the remainder when 3186674 is divided by 2396.
2390
What is the remainder when 32115 is divided by 28?
27
What is the remainder when 5435 is divided by 151?
150
Calculate the remainder when 313010 is divided by 4065.
5
What is the remainder when 31450 is divided by 68?
34
What is the remainder when 69366 is divided by 17334?
30
Calculate the remainder when 41823 is divided by 8.
7
Calculate the remainder when 441882 is divided by 445.
442
Calculate the remainder when 7083 is divided by 1011.
6
What is the remainder when 39349 is divided by 4887?
253
What is the remainder when 414977 is divided by 50?
27
What is the remainder when 680665 is divided by 6?
1
Calculate the remainder when 9130 is divided by 397.
396
Calculate the remainder when 2099 is divided by 121.
42
Calculate the remainder when 13542 is divided by 6765.
12
What is the remainder when 48618 is divided by 412?
2
What is the remainder when 8939 is divided by 2965?
44
Calculate the remainder when 3962 is divided by 19.
10
Calculate the remainder when 68706 is divided by 32.
2
What is the remainder when 127272 is divided by 343?
19
What is the remainder when 129143 is divided by 92?
67
Calculate the remainder when 4011 is divided by 838.
659
Calculate the remainder when 303758 is divided by 48.
14
Calculate the remainder when 8740 is divided by 186.
184
Calculate the remainder when 95495 is divided by 7345.
10
What is the remainder when 38935 is divided by 38893?
42
What is the remainder when 13208 is divided by 13200?
8
Calculate the remainder when 1316442 is divided by 21.
15
Calculate the remainder when 16780 is divided by 218.
212
What is the remainder when 48670 is divided by 17?
16
Calculate the remainder when 33691 is divided by 92.
19
What is the remainder when 59725 is divided by 398?
25
Calculate the remainder when 13468 is divided by 198.
4
What is the remainder when 27446 is divided by 96?
86
What is the remainder when 47422 is divided by 145?
7
What is the remainder when 139453 is divided by 5?
3
What is the remainder when 15690 is divided by 349?
334
Calculate the remainder when 821 is divided by 354.
113
Calculate the remainder when 5510 is divided by 1255.
490
Calculate the remainder when 680937 is divided by 270.
267
Calculate the remainder when 639